. Let w(d) = -m*d + 16*d - 6*d**2 - d**3 + 14*d - 8. Calculate w(r).
4
Let t(w) = w**3 - 4*w**2 - 4*w + 5. Let h be t(5). Let j be 4 - 1*6/(-2) - -3. Let q(s) = -11 + j*s + 9*s**2 - 185*s**3 + 184*s**3 + 5. What is q(h)?
-6
Let q(j) = -3*j**2 - 18*j - 8. Let p = 590 - 343. Let l = p + -253. Determine q(l).
-8
Let x(b) = -96*b**3 - 8*b**2 + 3*b - 5. Let s(h) = -178*h**3 - 15*h**2 + 5*h - 9. Let i(k) = -6*s(k) + 11*x(k). Determine i(-2).
-95
Let c(f) = -2*f**3 - f**2 + 2. Suppose -2*m = -h, 0 = -4*h - h - m + 55. Suppose 0 = 49*d - 54*d + h. What is c(d)?
-18
Let u(h) = -37*h + 77. Let f(k) = -56*k + 119. Let w(z) = -5*f(z) + 8*u(z). What is w(2)?
-11
Let a(g) = -3*g + 2. Let u(z) = -z**2 + 13*z - 2. Suppose 45*x + 13 = 46*x. Let v be u(x). Let b(w) = -3*w + 1. Let i(t) = v*a(t) + 3*b(t). Calculate i(-3).
8
Let h(b) = 2*b**3 + 12*b**2 - 3*b + 19. Let j(d) = -d**3 - 6*d**2 + 2*d - 10. Let l(f) = 3*h(f) + 5*j(f). Suppose -642*y = -87*y + 201*y + 4536. What is l(y)?
1
Let s be 50 - ((-10 - -2) + 11). Suppose -3*o = 268 - 100. Let c = s + o. Let b(g) = -2*g - 13. Determine b(c).
5
Let t(x) = x**3 + 8*x**2 + 9*x - 10. Let o = -4057 + 4051. What is t(o)?
8
Let z(c) = -3 - 9*c + 2 + 6 + 5*c. Let l(m) = -m + 2. Let p(a) = 7*l(a) - 2*z(a). Give p(5).
9
Let x(m) be the first derivative of m**3/3 - 7*m**2/2 - 23*m + 115. Calculate x(11).
21
Let a(b) = 4104 - 1199*b - 4115 + 1207*b. Give a(4).
21
Let u = 354 - 336. Suppose -u*o = 15*o - 66. Let j(t) = 7*t**2 - t + 2. What is j(o)?
28
Let a(i) = i**2 + 4*i + 23. Suppose -49*w + 23*w + 91 = -39*w. Determine a(w).
44
Let l(r) = -r**2 - 6*r + 5. Suppose -85*n = -87*n + 132. Let o = n + -62. Suppose o*w = -24 - 0. Calculate l(w).
5
Let b(q) = -q**3 - 5*q**2 - q - 6. Let k(r) = -7*r - 54. Let c be k(-7). Let w be -1*(c - 50/(-5)). Calculate b(w).
-1
Suppose -3*s + 49 = -74. Let i = s + -41. Let d(j) = 2*j - 32. Let z(f) = f - 17. Let l(u) = 6*d(u) - 11*z(u). Determine l(i).
-5
Let z(u) be the third derivative of -u**6/120 + u**5/30 - u**4/12 + u**3/3 + 3*u**2. Suppose m - 1127 = -1125. Let l be (-21 + 22)/(-1 - -2) + m. What is z(l)?
-13
Let g(c) = -1 + 10*c + 0*c - 27. Let v be g(4). Let z(m) = -34*m + v*m + 9*m + 12*m. Calculate z(-4).
4
Let k(r) = -15*r**2 - 23*r - 15. Let g be 1/2 + (-195)/(-30). Let a(u) = -7 - 5*u - g*u**2 - 6*u + 0*u. Let z(q) = 13*a(q) - 6*k(q). What is z(-5)?
-1
Let d be -2 - 31 - (6/16 + 2520/(-576)). Let b(z) = -z**3 - 24*z**2 + 146*z + 24. Give b(d).
-5
Suppose 5*r = 2*p - 372, -5*p - 213 = 2*r - 70. Let g = 144 + r. Let h = g - 64. Let b(j) = j**3 - 7*j**2 + 4*j - 2. Give b(h).
-14
Let o(g) = g**2 + 2. Let v(x) be the first derivative of x**4/4 - 2*x**3/3 - x**2 - 15. Let m be v(0). Suppose -z + 4*c = 6, 3*z + 2 = -4*c - m. Give o(z).
6
Let c(q) = -8*q**2 + 2*q - 1. Suppose 2*n + 60 = 3*f, 3*f = -n - 4*n + 39. Suppose 29 = f*b + 11. Calculate c(b).
-7
Let m be 12/3 + (-44)/1. Let h = 45 + m. Let q(f) = 6*f - f**2 - 5 - 8 + 2 + h. Determine q(5).
-1
Let n(l) = l**3 + 8*l**2 + 7*l + 2. Let c be n(-7). Let g(x) = -32*x - 1 - 31*x - x**3 + 4*x**2 + c*x**2 + 59*x. Suppose 23 + 2 = 5*m. Determine g(m).
4
Suppose -3*f = -f + 4*f. Suppose f = -2*o + 6, -5*d + 6*d - 3*o - 34 = 0. Suppose -d = 12*c + 101. Let x(p) = p + 11. What is x(c)?
-1
Let x(i) be the third derivative of -i**4/2 - 55*i**3/6 - 271*i**2 + 4*i. Determine x(-7).
29
Let r(h) = -h**3 - 14*h**2 - 16*h - 42. Let k be ((-2)/12*39)/((-14)/(-28)). Determine r(k).
-3
Let r = 45598 - 45604. Let v(a) = -a**3 - 6*a**2 - 6*a - 6. Determine v(r).
30
Let x(c) = c**2 + 8*c - 10. Let v = -276 + 271. What is x(v)?
-25
Let d(l) = 2 - 78*l**2 + 19*l - 17*l - 5*l + 0*l + 5*l. What is d(-1)?
-78
Let u(t) = 5*t**2 - 2*t + 1. Let d be u(1). Let w(k) = k**2 - 3*k - 2. Let n be w(d). Let l(q) = 45316*q**2 - 4 - q - 45315*q**2 + 4 + 1. Give l(n).
3
Let h(j) = -2*j**2 - 66*j - 291. Let c be h(-28). Let g(l) = -l**3 - 13*l**2 - 23*l - 6. Determine g(c).
5
Let v(l) = 39 - 160*l + 356*l - 198*l. Give v(0).
39
Let l(q) = q - 9. Let x be l(7). Let d be 7/((-21)/(-9))*(1 + x). Let u(v) = -2*v - 2*v**2 + 0*v + 2 - 1. What is u(d)?
-11
Let z(r) = 15*r**3 - 15*r + 3. Let l(v) = -7*v**3 + 7*v - 2. Let p(s) = -5*l(s) - 2*z(s). Let j = 1459 - 1458. Let y be p(j). Let a(n) = 5*n - 5. What is a(y)?
15
Let s(h) = -h + 1 + 17 - 8*h. Let r(b) = b - 13. Let m(u) = 4*u - 38. Let v(k) = 4*m(k) - 11*r(k). Let f(l) = 6*s(l) + 11*v(l). Determine f(-6).
3
Let k(b) be the first derivative of -b**2/2 - 24*b + 133. Let p be 14/4*(-80)/(-28). Suppose 3*z - 3*r + r + p = 0, 3*z - 3*r + 15 = 0. Determine k(z).
-24
Let p(b) = -2*b + 12. Let g(l) be the first derivative of 4*l**2 + 64*l + 131. Let v be g(-7). Determine p(v).
-4
Let b be 1/3 - (-66)/(-9). Let p(c) = -6*c - 2286. Let r(z) = -6*z - 1726. Let h(g) = 3*p(g) - 4*r(g). What is h(b)?
4
Let n(p) be the third derivative of p**7/840 - p**6/60 - p**5/120 + 7*p**4/24 + 169*p**3/6 - 173*p**2. Let b(o) be the first derivative of n(o). What is b(6)?
1
Suppose 79*i - 62*i = 0. Let z(y) be the second derivative of y**4/24 + y**3/6 - 9*y**2/2 - 3*y. Let o(h) be the first derivative of z(h). What is o(i)?
1
Let l(h) = -h**3 + 4*h**2 - h + 9. Let m be l(4). Let z(y) = 3 - 2 - 5 + y**2 + m*y - 4. Let u be ((-75)/100)/(6*(-3)/(-168)). Give z(u).
6
Let y be 1/5 + 17/((-255)/2898). Let x = y + 200. Let b(m) = -m**3 + 5*m**2 + 10*m - 6. Calculate b(x).
-34
Let h = 14027 + -14023. Let o(z) be the first derivative of -6*z + 3/2*z**2 - 33 + 2*z**3 - 1/4*z**h. What is o(6)?
12
Let k(y) = 110*y + 442. Let q be k(-4). Let r(l) = l**3 - 7*l**2 + 5*l. What is r(q)?
-10
Let f(m) = -m**3 - 3*m**2 + 4*m + 7. Suppose -192 = -433*t + 481*t. Give f(t).
7
Let m(r) = -9*r**2 - 6*r - 10 - 3*r - 7. Let p = 9989 - 9982. Let v(j) = 5*j**2 + 4*j + 9. Let i(c) = p*v(c) + 4*m(c). Determine i(-6).
7
Suppose 0 = 6*n + 18*n - 9021 + 8853. Let j(w) = -w**2 + 25*w - 115. Calculate j(n).
11
Let l(a) = -32*a + 1556. Let o(j) = -j + 144. Let z(n) = -l(n) + 10*o(n). What is z(6)?
16
Let u(h) = 7 - 66 - 37 - 32*h + 2. Give u(-3).
2
Let w(m) be the first derivative of -m**2 + 51*m + 637. What is w(25)?
1
Let v(c) = 9*c + 201 + 197 + 215 - 589. What is v(-12)?
-84
Let k = -7156 + 7155. Let g(m) = 177*m**2 + 2. What is g(k)?
179
Let a(i) = 4333*i**2 + 4*i + 1 - 8535*i**2 + 4198*i**2. Let w = 7 + -3. Give a(w).
-47
Let m = -258 + 260. Let q(n) = -16 - 3*n - 3*n + 4 - n**m + 14 + 8. Let l = 5 - 12. Give q(l).
3
Let k(c) = 2*c**3 - 21*c**2 + 18*c - 83. Suppose 671 = 14*u + 531. Give k(u).
-3
Let g(j) = 1178*j**3 + 5 - 2340*j**3 + 7*j**2 + 4*j + 1163*j**3. Suppose 0 = -l - 3 - 3. What is g(l)?
17
Let d(i) = i - 18 + 20 - 26 - i**2. Let a be 16 - 13 - (-6)/(-2). What is d(a)?
-24
Let r(f) = -51*f + 823. Let h be r(16). Let l(a) = -a**2 + 5*a + 3. What is l(h)?
-11
Let y(s) = 72*s - 1. Let u(q) = -q**2 + 652*q - 9. Let m(j) = 6*u(j) - 57*y(j). Give m(-32).
3
Let f(m) = -2*m - 11. Let j(n) = 24 + 26 + 49 + n - 27 - 15*n. Let a be j(6). What is f(a)?
13
Let k(q) = q - 11. Suppose 0 = -v + 5*o + 484, 4*v = 6*v + 5*o - 893. Let i = 459 - v. Give k(i).
-11
Let m(k) = 32*k**2 - 19*k - 27. Let h(j) = -21*j**2 + 19*j + 27. Let f(s) = -3*h(s) - 2*m(s). Calculate f(-15).
33
Suppose 0 = 3*q + q + 4. Let t = -53 + 66. Let o(r) = -4*r + t*r + r. Calculate o(q).
-10
Let x(o) = o - 20. Let v = -2900 - -2885. Determine x(v).
-35
Let t(d) = d**3 + 6*d**2 + 4*d - 7. Let h(m) = -3*m + 20 - 14*m**2 + 17 + 134*m**3 - 67*m**3 - 66*m**3. Let q be h(14). Determine t(q).
-2
Let v(r) = -r**2 - 21*r - 41. Let d = -7434 - -7416. Give v(d).
13
Let v(g) = -90*g**3 - 2*g - 68*g**3 - 104*g**3 + 290*g**3 + 2*g**2. Determine v(1).
28
Let d(y) = 4 + 0 + 1 - 1 - y. Let o be (-90)/6*(-7)/3. Let f = o + -43. What is d(f)?
12
Let u be 3 + 240/(-18) - (-100)/30. Let w(y) = -4*y**2 - 36*y - 60. What is w(u)?
-4
Suppose -3*d - 5*h - 28 = 0, -112*d + 3*h - 18 = -108*d. Let a(m) = 10*m + 5. What is a(d)?
-55
Let u(d) = -21*d + 21. Let v(x) = -x + 2 - 22 + 0*x + 26*x. Let h(l) = -7*u(l) - 6*v(l). Give h(-11).
6
Let j(w) be the second derivative of w**5/20 + 7*w**4/12 + 4*w**3/3 - 3*w**2/2 + 2*w - 249. What is j(-7)?
-59
Let a = 78 + -30. Suppose -21 - a = -3*q. Let h(s) = 21*s + 1 - 2 - q*s + 3. What is h(5)?
-8
Let t = -1